he greatest common factor of 5092 and 684.
76
What is the highest common factor of 24 and 192?
24
What is the greatest common divisor of 42 and 4767?
21
Calculate the greatest common factor of 1426 and 46.
46
Calculate the highest common factor of 455 and 728.
91
What is the greatest common factor of 3942 and 146?
146
What is the highest common factor of 34 and 29818?
34
What is the highest common divisor of 435 and 725?
145
Calculate the greatest common divisor of 27 and 171.
9
Calculate the highest common divisor of 9593 and 212.
53
What is the greatest common factor of 19 and 1007?
19
What is the greatest common divisor of 29 and 29?
29
Calculate the highest common divisor of 5 and 415.
5
What is the highest common divisor of 89 and 89?
89
Calculate the greatest common divisor of 10308 and 24.
12
What is the greatest common factor of 108 and 18198?
54
What is the highest common factor of 9 and 93?
3
What is the greatest common divisor of 78 and 858?
78
What is the greatest common factor of 3 and 4?
1
What is the greatest common divisor of 14 and 3241?
7
Calculate the greatest common factor of 1230 and 6642.
246
What is the highest common factor of 42 and 24?
6
Calculate the highest common factor of 84 and 966.
42
Calculate the greatest common factor of 2171 and 13.
13
Calculate the greatest common divisor of 48 and 5248.
16
What is the highest common factor of 13 and 8333?
13
What is the highest common factor of 14 and 154?
14
Calculate the highest common divisor of 8 and 7768.
8
Calculate the highest common divisor of 402 and 24.
6
Calculate the highest common divisor of 6255 and 139.
139
What is the highest common factor of 30 and 252?
6
What is the highest common factor of 42 and 126?
42
What is the greatest common factor of 77 and 15708?
77
Calculate the highest common factor of 116 and 1073.
29
Calculate the highest common divisor of 555 and 30.
15
What is the greatest common factor of 1107 and 861?
123
Calculate the highest common divisor of 168 and 312.
24
What is the greatest common factor of 20 and 44?
4
Calculate the highest common factor of 136 and 119.
17
Calculate the greatest common factor of 440 and 1160.
40
Calculate the greatest common factor of 270 and 690.
30
Calculate the highest common divisor of 28 and 49.
7
Calculate the greatest common factor of 49 and 7.
7
What is the greatest common divisor of 477 and 1537?
53
Calculate the highest common divisor of 240 and 64.
16
Calculate the greatest common divisor of 182 and 6955.
13
What is the greatest common divisor of 782 and 34?
34
Calculate the greatest common factor of 988 and 520.
52
Calculate the highest common factor of 64 and 400.
16
Calculate the greatest common divisor of 4601 and 258.
43
What is the greatest common factor of 71 and 58575?
71
What is the highest common divisor of 1638 and 4186?
182
Calculate the greatest common factor of 506 and 44.
22
Calculate the greatest common divisor of 3874 and 104.
26
What is the highest common factor of 728 and 84?
28
What is the highest common divisor of 3192 and 40?
8
Calculate the highest common divisor of 63 and 6.
3
Calculate the greatest common factor of 162 and 36.
18
What is the highest common factor of 1024 and 3968?
128
What is the greatest common divisor of 688 and 215?
43
Calculate the highest common factor of 8 and 904.
8
Calculate the highest common factor of 654 and 7303.
109
What is the highest common factor of 85 and 15?
5
What is the highest common factor of 63 and 117?
9
What is the highest common factor of 48 and 80?
16
Calculate the greatest common factor of 136 and 4.
4
What is the greatest common factor of 1420 and 460?
20
What is the greatest common divisor of 31872 and 166?
166
Calculate the greatest common divisor of 596 and 745.
149
What is the highest common divisor of 8959 and 31?
31
Calculate the greatest common factor of 819 and 4797.
117
What is the highest common factor of 481 and 2553?
37
Calculate the highest common divisor of 27 and 4.
1
What is the greatest common factor of 192 and 912?
48
Calculate the greatest common divisor of 266 and 1092.
14
Calculate the highest common divisor of 10 and 165.
5
Calculate the highest common factor of 70 and 50.
10
Calculate the highest common factor of 2008 and 56.
8
What is the greatest common divisor of 2353 and 91?
13
Calculate the highest common divisor of 624 and 136.
8
Calculate the greatest common factor of 78 and 390.
78
What is the highest common factor of 35 and 140?
35
Calculate the highest common factor of 44 and 3124.
44
What is the highest common divisor of 84 and 96?
12
What is the highest common divisor of 2674 and 126?
14
Calculate the highest common divisor of 117 and 9.
9
What is the highest common divisor of 760 and 104?
8
What is the greatest common divisor of 427 and 9821?
427
What is the highest common factor of 155 and 20?
5
What is the greatest common factor of 105 and 861?
21
Calculate the highest common divisor of 492 and 48.
12
What is the greatest common factor of 1504 and 2914?
94
Calculate the greatest common factor of 270 and 20.
10
Calculate the greatest common factor of 1689 and 3.
3
What is the highest common factor of 520 and 65?
65
What is the greatest common divisor of 21 and 1344?
21
What is the greatest common divisor of 513 and 19?
19
Calculate the highest common divisor of 184 and 46.
46
Calculate the highest common divisor of 8309 and 7.
7
What is the greatest common factor of 10 and 4630?
10
What is the highest common divisor of 1910 and 573?
191
What is the greatest common divisor of 2652 and 416?
52
What is the highest common divisor of 3 and 564?
3
What is the highest common divisor of 72054 and 18?
18
Calculate the highest common divisor of 675 and 75.
75
Calculate the highest common divisor of 66 and 110.
22
Calculate the highest common factor of 528 and 1023.
33
Calculate the greatest common factor of 96 and 448.
32
Calculate the greatest common factor of 70 and 10.
10
Calculate the greatest common divisor of 9477 and 429.
39
Calculate the greatest common divisor of 20 and 430.
10
Calculate the highest common divisor of 49305 and 45.
15
Calculate the highest common factor of 35 and 707.
7
Calculate the greatest common factor of 112644 and 378.
378
Calculate the greatest common factor of 377 and 143.
13
What is the highest common divisor of 352 and 11?
11
What is the highest common divisor of 427 and 21?
7
What is the greatest common divisor of 84 and 70?
14
What is the greatest common divisor of 128 and 11584?
64
What is the highest common factor of 904 and 64?
8
What is the highest common factor of 13 and 13?
13
What is the highest common factor of 2478 and 126?
42
What is the greatest common divisor of 416 and 92?
4
Calculate the greatest common divisor of 1200 and 45.
15
What is the highest common divisor of 147 and 84?
21
Calculate the greatest common factor of 55 and 195.
5
What is the greatest common divisor of 42 and 3396?
6
What is the greatest common divisor of 424 and 53?
53
Calculate the greatest common divisor of 940 and 20.
20
Calculate the greatest common factor of 28 and 238.
14
What is the highest common divisor of 27 and 53?
1
What is the greatest common divisor of 194 and 2231?
97
What is the greatest common divisor of 16 and 7608?
8
Calculate the highest common divisor of 32 and 112.
16
Calculate the greatest common factor of 38 and 722.
38
Calculate the highest common factor of 4 and 5332.
4
Calculate the highest common divisor of 110 and 5830.
110
Calculate the greatest common divisor of 15 and 65.
5
What is the highest common factor of 54 and 243?
27
What is the highest common divisor of 176 and 220?
44
What is the highest common factor of 30 and 19340?
10
Calculate the greatest common factor of 2304 and 36.
36
What is the highest common factor of 913 and 11?
11
What is the greatest common divisor of 357 and 483?
21
What is the greatest common divisor of 63 and 35?
7
Calculate the highest common factor of 280 and 200.
40
What is the greatest common factor of 18 and 27?
9
What is the greatest common factor of 349 and 1?
1
What is the highest common factor of 37 and 296?
37
What is the highest common divisor of 724 and 1086?
362
Calculate the highest common divisor of 3888 an